{"id":5,"date":"2018-06-03T07:39:30","date_gmt":"2018-06-03T10:39:30","guid":{"rendered":"https:\/\/epresj.whitetec.org\/?page_id=5"},"modified":"2021-04-21T08:57:08","modified_gmt":"2021-04-21T11:57:08","slug":"reclamos","status":"publish","type":"page","link":"https:\/\/epresanjuan.gob.ar\/reclamos\/","title":{"rendered":"Consultas y Reclamos"},"content":{"rendered":"<div class=\"wpb-content-wrapper\"><p>[vc_row][vc_column][vc_column_text css=\u00bb.vc_custom_1572684460498{padding-top: 10px !important;padding-right: 10px !important;padding-bottom: 10px !important;padding-left: 10px !important;background-color: rgba(104,214,25,0.48) !important;*background-color: rgb(104,214,25) !important;border-radius: 5px !important;}\u00bb]<\/p>\n<p style=\"text-align: left;\"><span style=\"color: #333333;\">Estimado usuario, recuerde que por <strong>emergencias<\/strong> o<strong> falta de suministro<\/strong>, debe contactarse a la <strong>Empresa Distribuidora Energia San Juan S.A.<\/strong> al <strong>0800 666 3637<\/strong> o en Caucete a <strong>DECSA<\/strong> al <strong>496 1784<\/strong><\/span><\/p>\n<p>[\/vc_column_text][\/vc_column][\/vc_row][vc_row][vc_column width=\u00bb1\/2&#8243;][vc_btn title=\u00bbREALIZAR CONSULTA\u00bb style=\u00bb3d\u00bb color=\u00bbsky\u00bb size=\u00bblg\u00bb align=\u00bbcenter\u00bb i_icon_fontawesome=\u00bbfa fa-info-circle\u00bb button_block=\u00bbtrue\u00bb add_icon=\u00bbtrue\u00bb custom_onclick=\u00bbtrue\u00bb link=\u00bb|||\u00bb custom_onclick_code=\u00bbmostrar_consulta()\u00bb el_id=\u00bbboton_consulta\u00bb][\/vc_column][vc_column width=\u00bb1\/2&#8243;][vc_btn title=\u00bbINICIAR RECLAMO\u00bb style=\u00bb3d\u00bb color=\u00bbjuicy-pink\u00bb size=\u00bblg\u00bb align=\u00bbcenter\u00bb i_type=\u00bbopeniconic\u00bb i_icon_openiconic=\u00bbvc-oi vc-oi-lamp\u00bb button_block=\u00bbtrue\u00bb add_icon=\u00bbtrue\u00bb custom_onclick=\u00bbtrue\u00bb custom_onclick_code=\u00bbmostrar_reclamo()\u00bb el_id=\u00bbboton_reclamo\u00bb][\/vc_column][\/vc_row][vc_row][vc_column][vc_column_text css_animation=\u00bbbounceInDown\u00bb]<\/p>\n<div id=\"form_consulta_hide\" style=\"text-align: center;\">\n<p>&nbsp;<\/p>\n<p>USTED EST\u00c1 REALIZANDO UNA CONSULTA<\/p>\n<p style=\"text-align: left;\"><div class=\"cf7sg-container cf7sg-not-grid\"><div id=\"cf7sg-form-nuevo-reclamo_copy\" class=\" key_nuevo-reclamo_copy\">\n<div class=\"wpcf7 no-js\" id=\"wpcf7-f68-o1\" lang=\"es-ES\" dir=\"ltr\" data-wpcf7-id=\"68\">\n<div class=\"screen-reader-response\"><p role=\"status\" aria-live=\"polite\" aria-atomic=\"true\"><\/p> <ul><\/ul><\/div>\n<form action=\"\/reclamos\/wp-json\/wp\/v2\/pages\/5#wpcf7-f68-o1\" method=\"post\" class=\"wpcf7-form init\" aria-label=\"Formulario de contacto\" novalidate=\"novalidate\" data-status=\"init\">\n<fieldset class=\"hidden-fields-container\"><input type=\"hidden\" name=\"_wpcf7\" value=\"68\" \/><input type=\"hidden\" name=\"_wpcf7_version\" value=\"6.1.5\" \/><input type=\"hidden\" name=\"_wpcf7_locale\" value=\"es_ES\" \/><input type=\"hidden\" name=\"_wpcf7_unit_tag\" value=\"wpcf7-f68-o1\" \/><input type=\"hidden\" name=\"_wpcf7_container_post\" value=\"0\" \/><input type=\"hidden\" name=\"_wpcf7_posted_data_hash\" value=\"\" \/><input type=\"hidden\" name=\"_wpcf7cf_hidden_group_fields\" value=\"[]\" \/><input type=\"hidden\" name=\"_wpcf7cf_hidden_groups\" value=\"[]\" \/><input type=\"hidden\" name=\"_wpcf7cf_visible_groups\" value=\"[]\" \/><input type=\"hidden\" name=\"_wpcf7cf_repeaters\" value=\"[]\" \/><input type=\"hidden\" name=\"_wpcf7cf_steps\" value=\"{}\" \/><input type=\"hidden\" name=\"_wpcf7cf_options\" value=\"{&quot;form_id&quot;:68,&quot;conditions&quot;:[],&quot;settings&quot;:{&quot;animation&quot;:&quot;yes&quot;,&quot;animation_intime&quot;:200,&quot;animation_outtime&quot;:200,&quot;conditions_ui&quot;:&quot;normal&quot;,&quot;notice_dismissed&quot;:false,&quot;repeater_remove_button&quot;:&quot;bottom&quot;}}\" \/><input type=\"hidden\" name=\"_wpcf7dtx_version\" value=\"5.0.5\" \/><input type=\"hidden\" name=\"_wpcf7_key\" value=\"nuevo-reclamo_copy\" \/><input type=\"hidden\" name=\"_cf7sg_toggles\" value=\"\" \/><input type=\"hidden\" name=\"_cf7sg_version\" value=\"4.15.8\" \/><input type=\"hidden\" name=\"_wpnonce\" value=\"9c009a623a\" \/>\n<\/fieldset>\n<link rel=\"stylesheet\" href=\"https:\/\/epresanjuan.gob.ar\/reclamos\/wp-content\/plugins\/pdf-forms-for-contact-form-7\/css\/frontend.css\" \/><script type=\"text\/javascript\" src=\"https:\/\/epresanjuan.gob.ar\/reclamos\/wp-content\/plugins\/pdf-forms-for-contact-form-7\/js\/frontend.js?ver=2.2.6\"><\/script><p><label> Nombre y Apellido<br \/>\n<span class=\"wpcf7-form-control-wrap\" data-name=\"nombre-usr\"><input size=\"40\" maxlength=\"400\" class=\"wpcf7-form-control wpcf7-text wpcf7-validates-as-required\" aria-required=\"true\" aria-invalid=\"false\" placeholder=\"Ejemplo: Juan Perez\" value=\"\" type=\"text\" name=\"nombre-usr\" \/><\/span> <\/label>\n<\/p>\n<p><label> N\u00ba de Suministro<br \/>\n(esquina superior derecha de su factura)<br \/>\n<span class=\"wpcf7-form-control-wrap nro-sum\"><input type=\"text\" value=\"\" name=\"nro-sum\" class=\"wpcf7-form-control wpcf7-mask wpcf7-validates-as-required wpcf7mf-mask\" size=\"8\" aria-required=\"1\" aria-invalid=\"\" placeholder=\"__-____-_____\" data-mask=\"__-____-_____\" \/><\/span> <\/label>\n<\/p>\n<p><label> Su correo electr\u00f3nico<br \/>\n<span class=\"wpcf7-form-control-wrap\" data-name=\"correo-usr\"><input size=\"40\" maxlength=\"400\" class=\"wpcf7-form-control wpcf7-email wpcf7-text wpcf7-validates-as-email\" aria-invalid=\"false\" placeholder=\"Ejemplo: micorreo@mail.com\" value=\"\" type=\"email\" name=\"correo-usr\" \/><\/span> <\/label>\n<\/p>\n<p><label> Tel\u00e9fono de contacto<br \/>\n(sin 0 y sin 15)<br \/>\n<span class=\"wpcf7-form-control-wrap\" data-name=\"tel-usr\"><input size=\"40\" maxlength=\"400\" class=\"wpcf7-form-control wpcf7-text wpcf7-validates-as-required\" aria-required=\"true\" aria-invalid=\"false\" placeholder=\"Ejemplo: 2641234567\" value=\"\" type=\"text\" name=\"tel-usr\" \/><\/span> <\/label>\n<\/p>\n<p><label> Escriba aqu\u00ed su consulta<br \/>\n<span class=\"wpcf7-form-control-wrap\" data-name=\"texto-usr\"><textarea cols=\"40\" rows=\"10\" maxlength=\"2000\" class=\"wpcf7-form-control wpcf7-textarea\" aria-invalid=\"false\" name=\"texto-usr\"><\/textarea><\/span> <\/label>\n<\/p>\n<input class=\"wpcf7-form-control wpcf7-hidden\" value=\"\" type=\"hidden\" name=\"obs\" \/>\n<p>Al enviar esta consulta usted acepta nuestra <a href=\"https:\/\/epresanjuan.gob.ar\/reclamos\/politica-de-privacidad\/\">Pol\u00edtica de Privacidad<\/a>.\n<\/p>\n<p><input class=\"wpcf7-form-control wpcf7-submit has-spinner\" type=\"submit\" value=\"Enviar\" \/>\n<\/p><div class=\"wpcf7-response-output\" aria-hidden=\"true\"><\/div>\n<\/form>\n<\/div>\n<\/div><\/div>\n<\/div>\n<p>[\/vc_column_text][\/vc_column][\/vc_row][vc_row][vc_column][vc_column_text el_id=\u00bbform_reclamo\u00bb]<\/p>\n<div id=\"form_reclamo_hide\" class=\"form_reclamo_css\" style=\"text-align: center;\">\n<p>USTED EST\u00c1 REALIZANDO UN RECLAMO<\/p>\n<div class=\"cf7sg-container cf7sg-not-grid\"><div id=\"cf7sg-form-formulario-de-contacto-1\" class=\" key_formulario-de-contacto-1\">\n<div class=\"wpcf7 no-js\" id=\"wpcf7-f17-o2\" lang=\"es-ES\" dir=\"ltr\" data-wpcf7-id=\"17\">\n<div class=\"screen-reader-response\"><p role=\"status\" aria-live=\"polite\" aria-atomic=\"true\"><\/p> <ul><\/ul><\/div>\n<form action=\"\/reclamos\/wp-json\/wp\/v2\/pages\/5#wpcf7-f17-o2\" method=\"post\" class=\"wpcf7-form init\" aria-label=\"Formulario de contacto\" enctype=\"multipart\/form-data\" novalidate=\"novalidate\" data-status=\"init\">\n<fieldset class=\"hidden-fields-container\"><input type=\"hidden\" name=\"_wpcf7\" value=\"17\" \/><input type=\"hidden\" name=\"_wpcf7_version\" value=\"6.1.5\" \/><input type=\"hidden\" name=\"_wpcf7_locale\" value=\"es_ES\" \/><input type=\"hidden\" name=\"_wpcf7_unit_tag\" value=\"wpcf7-f17-o2\" \/><input type=\"hidden\" name=\"_wpcf7_container_post\" value=\"0\" \/><input type=\"hidden\" name=\"_wpcf7_posted_data_hash\" value=\"\" \/><input type=\"hidden\" name=\"_wpcf7cf_hidden_group_fields\" value=\"[]\" \/><input type=\"hidden\" name=\"_wpcf7cf_hidden_groups\" value=\"[]\" \/><input type=\"hidden\" name=\"_wpcf7cf_visible_groups\" value=\"[]\" \/><input type=\"hidden\" name=\"_wpcf7cf_repeaters\" value=\"[]\" \/><input type=\"hidden\" name=\"_wpcf7cf_steps\" value=\"{}\" \/><input type=\"hidden\" name=\"_wpcf7cf_options\" value=\"{&quot;form_id&quot;:17,&quot;conditions&quot;:[{&quot;then_field&quot;:&quot;-1&quot;,&quot;and_rules&quot;:[{&quot;if_field&quot;:&quot;menu_tipo_reclamo&quot;,&quot;operator&quot;:&quot;equals&quot;,&quot;if_value&quot;:&quot;Cortes \\\/ Calidad de Servicio&quot;}]},{&quot;then_field&quot;:&quot;-1&quot;,&quot;and_rules&quot;:[{&quot;if_field&quot;:&quot;menu_tipo_reclamo&quot;,&quot;operator&quot;:&quot;equals&quot;,&quot;if_value&quot;:&quot;Electrodependientes&quot;}]},{&quot;then_field&quot;:&quot;-1&quot;,&quot;and_rules&quot;:[{&quot;if_field&quot;:&quot;menu_tipo_reclamo&quot;,&quot;operator&quot;:&quot;equals&quot;,&quot;if_value&quot;:&quot;Facturaci\\u00f3n&quot;}]},{&quot;then_field&quot;:&quot;-1&quot;,&quot;and_rules&quot;:[{&quot;if_field&quot;:&quot;menu_tipo_reclamo&quot;,&quot;operator&quot;:&quot;equals&quot;,&quot;if_value&quot;:&quot;Falta de suministro&quot;}]},{&quot;then_field&quot;:&quot;-1&quot;,&quot;and_rules&quot;:[{&quot;if_field&quot;:&quot;menu_tipo_reclamo&quot;,&quot;operator&quot;:&quot;equals&quot;,&quot;if_value&quot;:&quot;Inseguridad en la v\\u00eda p\\u00fablica&quot;}]},{&quot;then_field&quot;:&quot;-1&quot;,&quot;and_rules&quot;:[{&quot;if_field&quot;:&quot;menu_tipo_reclamo&quot;,&quot;operator&quot;:&quot;equals&quot;,&quot;if_value&quot;:&quot;Rotura de artefactos&quot;}]},{&quot;then_field&quot;:&quot;-1&quot;,&quot;and_rules&quot;:[{&quot;if_field&quot;:&quot;menu_tipo_reclamo&quot;,&quot;operator&quot;:&quot;equals&quot;,&quot;if_value&quot;:&quot;Tarifa social&quot;}]},{&quot;then_field&quot;:&quot;-1&quot;,&quot;and_rules&quot;:[{&quot;if_field&quot;:&quot;menu_tipo_reclamo&quot;,&quot;operator&quot;:&quot;equals&quot;,&quot;if_value&quot;:&quot;Otro&quot;}]},{&quot;then_field&quot;:&quot;group-adjunto2&quot;,&quot;and_rules&quot;:[{&quot;if_field&quot;:&quot;adjunto&quot;,&quot;operator&quot;:&quot;not equals&quot;,&quot;if_value&quot;:&quot;&quot;}]},{&quot;then_field&quot;:&quot;group-adjunto3&quot;,&quot;and_rules&quot;:[{&quot;if_field&quot;:&quot;adjunto2&quot;,&quot;operator&quot;:&quot;not equals&quot;,&quot;if_value&quot;:&quot;&quot;}]},{&quot;then_field&quot;:&quot;-1&quot;,&quot;and_rules&quot;:[{&quot;if_field&quot;:&quot;adjunto&quot;,&quot;operator&quot;:&quot;equals&quot;,&quot;if_value&quot;:&quot;&quot;}]},{&quot;then_field&quot;:&quot;-1&quot;,&quot;and_rules&quot;:[{&quot;if_field&quot;:&quot;-1&quot;,&quot;operator&quot;:&quot;equals&quot;,&quot;if_value&quot;:&quot;&quot;}]}],&quot;settings&quot;:{&quot;animation&quot;:&quot;yes&quot;,&quot;animation_intime&quot;:200,&quot;animation_outtime&quot;:200,&quot;conditions_ui&quot;:&quot;normal&quot;,&quot;notice_dismissed&quot;:false,&quot;repeater_remove_button&quot;:&quot;bottom&quot;}}\" \/><input type=\"hidden\" name=\"_wpcf7dtx_version\" value=\"5.0.5\" \/><input type=\"hidden\" name=\"_wpcf7_key\" value=\"formulario-de-contacto-1\" \/><input type=\"hidden\" name=\"_cf7sg_toggles\" value=\"\" \/><input type=\"hidden\" name=\"_cf7sg_version\" value=\"4.15.8\" \/><input type=\"hidden\" name=\"_wpnonce\" value=\"9c009a623a\" \/>\n<\/fieldset>\n<p><label>Nombre y Apellido<br \/>\n<span class=\"wpcf7-form-control-wrap\" data-name=\"nombre-usr\"><input size=\"40\" maxlength=\"400\" class=\"wpcf7-form-control wpcf7-text wpcf7-validates-as-required\" aria-required=\"true\" aria-invalid=\"false\" value=\"\" type=\"text\" name=\"nombre-usr\" \/><\/span> <\/label>\n<\/p>\n<p><label> N\u00ba de Suministro<br \/>\n(esquina superior derecha de su factura)<br \/>\n<span class=\"wpcf7-form-control-wrap nro-sum\"><input type=\"text\" value=\"\" name=\"nro-sum\" class=\"wpcf7-form-control wpcf7-mask wpcf7-validates-as-required wpcf7mf-mask\" size=\"8\" aria-required=\"1\" aria-invalid=\"\" placeholder=\"__-____-_____\" data-mask=\"__-____-_____\" \/><\/span> <\/label>\n<\/p>\n<p><label> Su correo electr\u00f3nico<br \/>\n<span class=\"wpcf7-form-control-wrap\" data-name=\"correo-usr\"><input size=\"40\" maxlength=\"400\" class=\"wpcf7-form-control wpcf7-email wpcf7-text wpcf7-validates-as-email\" aria-invalid=\"false\" placeholder=\"Ejemplo: micorreo@mail.com\" value=\"\" type=\"email\" name=\"correo-usr\" \/><\/span> <\/label>\n<\/p>\n<p><label> Tel\u00e9fono de contacto<br \/>\n(sin 0 y sin 15)<br \/>\n<span class=\"wpcf7-form-control-wrap\" data-name=\"tel-usr\"><input size=\"40\" maxlength=\"400\" class=\"wpcf7-form-control wpcf7-text wpcf7-validates-as-required\" aria-required=\"true\" aria-invalid=\"false\" placeholder=\"Ejemplo: 2641234567\" value=\"\" type=\"text\" name=\"tel-usr\" \/><\/span> <\/label>\n<\/p>\n<p><label><br \/>\n<b> Seleccione su proveedor de servicios <\/b><br \/>\n<span class=\"wpcf7-form-control-wrap\" data-name=\"Proveedor\"><span class=\"wpcf7-form-control wpcf7-checkbox wpcf7-validates-as-required wpcf7-exclusive-checkbox\"><span class=\"wpcf7-list-item first\"><input type=\"checkbox\" name=\"Proveedor\" value=\"Energ\u00eda San Juan\" \/><span class=\"wpcf7-list-item-label\">Energ\u00eda San Juan<\/span><\/span><span class=\"wpcf7-list-item last\"><input type=\"checkbox\" name=\"Proveedor\" value=\"DECSA (Caucete)\" \/><span class=\"wpcf7-list-item-label\">DECSA (Caucete)<\/span><\/span><\/span><\/span><br \/>\n<\/label>\n<\/p>\n<p><label> <b>Tipo de reclamo<\/b><br \/>\n<span class=\"wpcf7-form-control-wrap\" data-name=\"menu_tipo_reclamo\"><select class=\"wpcf7-form-control wpcf7-select wpcf7-validates-as-required\" aria-required=\"true\" aria-invalid=\"false\" name=\"menu_tipo_reclamo\"><option value=\"\">&#8212;Por favor, elige una opci\u00f3n&#8212;<\/option><option value=\"Cortes \/ Calidad de Servicio\">Cortes \/ Calidad de Servicio<\/option><option value=\"Electrodependientes\">Electrodependientes<\/option><option value=\"Facturaci\u00f3n\">Facturaci\u00f3n<\/option><option value=\"Falta de suministro\">Falta de suministro<\/option><option value=\"Inseguridad en la v\u00eda p\u00fablica\">Inseguridad en la v\u00eda p\u00fablica<\/option><option value=\"Rotura de artefactos\">Rotura de artefactos<\/option><option value=\"Tarifa Social\">Tarifa Social<\/option><option value=\"Otro\">Otro<\/option><\/select><\/span><br \/>\n<\/label>\n<\/p>\n<p><label><br \/>\n<b> Adjuntar documentaci\u00f3n<\/b> (opcional)<br \/>\nPuede adjuntar documentos digitales a su reclamo aqu\u00ed de ser necesario.<br \/>\nElija de a un (1) documento por vez. M\u00e1ximo 3 documentos.<br \/>\n<span class=\"wpcf7-form-control-wrap\" data-name=\"adjunto\"><input size=\"40\" class=\"wpcf7-form-control wpcf7-file\" accept=\".doc,.pdf,.jpg,.png,.jpeg,.3gp,.docx\" aria-invalid=\"false\" type=\"file\" name=\"adjunto\" \/><\/span><\/label>\n<\/p>\n<div data-id=\"group-adjunto2\" data-orig_data_id=\"group-adjunto2\"  class=\"\" data-class=\"wpcf7cf_group\">\n\t<p><label><br \/>\n<b> Adjuntar un segundo documento<\/b><br \/>\n<span class=\"wpcf7-form-control-wrap\" data-name=\"adjunto2\"><input size=\"40\" class=\"wpcf7-form-control wpcf7-file\" accept=\".doc,.pdf,.jpg,.png,.jpeg,.3gp,.docx\" aria-invalid=\"false\" type=\"file\" name=\"adjunto2\" \/><\/span><br \/>\n<\/label>\n\t<\/p>\n<\/div>\n<div data-id=\"group-adjunto3\" data-orig_data_id=\"group-adjunto3\"  class=\"\" data-class=\"wpcf7cf_group\">\n\t<p><label><br \/>\n<b> Adjuntar un tercer documento<\/b><br \/>\n<span class=\"wpcf7-form-control-wrap\" data-name=\"adjunto3\"><input size=\"40\" class=\"wpcf7-form-control wpcf7-file\" accept=\".doc,.pdf,.jpg,.png,.jpeg,.3gp,.docx\" aria-invalid=\"false\" type=\"file\" name=\"adjunto3\" \/><\/span><br \/>\n<\/label>\n\t<\/p>\n<\/div>\n<input class=\"wpcf7-form-control wpcf7-hidden\" value=\"550.XXXX\/XX\" type=\"hidden\" name=\"nro-exp\" \/>\n<input class=\"wpcf7-form-control wpcf7-hidden\" value=\"\" type=\"hidden\" name=\"obs\" \/>\n<p><label> Detalles y comentarios<br \/>\n<span class=\"wpcf7-form-control-wrap\" data-name=\"texto-usr\"><textarea cols=\"40\" rows=\"10\" maxlength=\"2000\" class=\"wpcf7-form-control wpcf7-textarea\" aria-invalid=\"false\" placeholder=\"Aqu\u00ed puede describir su reclamo o a\u00f1adir detalles\" name=\"texto-usr\"><\/textarea><\/span> <\/label>\n<\/p>\n<p>Al enviar este reclamo usted acepta nuestra <a href=\"https:\/\/epresanjuan.gob.ar\/reclamos\/politica-de-privacidad\/\">Pol\u00edtica de Privacidad<\/a>.\n<\/p>\n<p><input class=\"wpcf7-form-control wpcf7-submit has-spinner\" type=\"submit\" value=\"Enviar\" \/>\n<\/p><div class=\"wpcf7-response-output\" aria-hidden=\"true\"><\/div>\n<\/form>\n<\/div>\n<\/div><\/div>\n<\/div>\n<p>[\/vc_column_text][\/vc_column][\/vc_row][vc_row][vc_column][vc_raw_js]JTNDc2NyaXB0JTIwdHlwZSUzRCUyMnRleHQlMkZqYXZhc2NyaXB0JTIyJTNFJTBBJTBBZnVuY3Rpb24lMjBtb3N0cmFyX2NvbnN1bHRhJTI4JTI5JTdCJTBBZG9jdW1lbnQuZ2V0RWxlbWVudEJ5SWQlMjglMjdmb3JtX2NvbnN1bHRhX2hpZGUlMjclMjkuc3R5bGUuZGlzcGxheSUyMCUzRCUyMCUyN2Jsb2NrJTI3JTNCJTBBZG9jdW1lbnQuZ2V0RWxlbWVudEJ5SWQlMjglMjdmb3JtX3JlY2xhbW9faGlkZSUyNyUyOS5zdHlsZS5kaXNwbGF5JTIwJTNEJTIwJTI3bm9uZSUyNyUzQiUwQSU3RCUwQSUwQWZ1bmN0aW9uJTIwbW9zdHJhcl9yZWNsYW1vJTI4JTI5JTdCJTBBZG9jdW1lbnQuZ2V0RWxlbWVudEJ5SWQlMjglMjdmb3JtX2NvbnN1bHRhX2hpZGUlMjclMjkuc3R5bGUuZGlzcGxheSUyMCUzRCUyMCUyN25vbmUlMjclM0IlMEFkb2N1bWVudC5nZXRFbGVtZW50QnlJZCUyOCUyN2Zvcm1fcmVjbGFtb19oaWRlJTI3JTI5LnN0eWxlLmRpc3BsYXklMjAlM0QlMjAlMjdibG9jayUyNyUzQiUwQSU3RCUwQSUzQyUyRnNjcmlwdCUzRQ==[\/vc_raw_js][\/vc_column][\/vc_row][vc_row][vc_column][vc_message message_box_style=\u00bboutline\u00bb message_box_color=\u00bbmulled_wine\u00bb icon_fontawesome=\u00bbfa fa-lock\u00bb]<span style=\"font-size: 10pt; color: #000000;\">La informaci\u00f3n enviada se encuentra cifrada y asegurada con certificaci\u00f3n SSL de encriptaci\u00f3n seg\u00fan lo exige Ley Nacional N\u00ba 25.326 de Protecci\u00f3n de Datos Personales y sus normas complementarias. Ante cualquier duda consulte nuestra <a style=\"color: #000000;\" href=\"\/politica-de-privacidad\">Pol\u00edtica de Privacidad y Protecci\u00f3n de Datos Personales<\/a>.<\/span>[\/vc_message][\/vc_column][\/vc_row][vc_row][vc_column][vc_column_text]<\/p>\n<p style=\"text-align: center;\"><strong>Le recordamos nuestras v\u00edas de contacto<\/strong><\/p>\n<p style=\"text-align: center;\"><img decoding=\"async\" class=\"wp-image-137 alignnone\" src=\"https:\/\/epresj.whitetec.org\/wp-content\/uploads\/2018\/06\/fb_icon.png\" alt=\"\" width=\"42\" height=\"42\" srcset=\"https:\/\/epresanjuan.gob.ar\/reclamos\/wp-content\/uploads\/2018\/06\/fb_icon.png 250w, https:\/\/epresanjuan.gob.ar\/reclamos\/wp-content\/uploads\/2018\/06\/fb_icon-150x150.png 150w, https:\/\/epresanjuan.gob.ar\/reclamos\/wp-content\/uploads\/2018\/06\/fb_icon-80x80.png 80w\" sizes=\"(max-width: 42px) 100vw, 42px\" \/>\u00a0<a href=\"https:\/\/www.facebook.com\/EPRE-San-Juan-603509966414616\/\">EPRE San Juan<\/a>\u00a0 \/\u00a0 <img decoding=\"async\" class=\"alignnone wp-image-144\" src=\"https:\/\/epresj.whitetec.org\/wp-content\/uploads\/2018\/06\/wa_logo-300x300.png\" alt=\"\" width=\"48\" height=\"48\" srcset=\"https:\/\/epresanjuan.gob.ar\/reclamos\/wp-content\/uploads\/2018\/06\/wa_logo-300x300.png 300w, https:\/\/epresanjuan.gob.ar\/reclamos\/wp-content\/uploads\/2018\/06\/wa_logo-150x150.png 150w, https:\/\/epresanjuan.gob.ar\/reclamos\/wp-content\/uploads\/2018\/06\/wa_logo-80x80.png 80w, https:\/\/epresanjuan.gob.ar\/reclamos\/wp-content\/uploads\/2018\/06\/wa_logo.png 512w\" sizes=\"(max-width: 48px) 100vw, 48px\" \/> <a href=\"https:\/\/api.whatsapp.com\/send?phone=542645677184\">+54 264 567-7184<\/a><\/p>\n<p style=\"text-align: center;\">0800-333-6666 \/ 4291-800 L\u00edneas Rotativas \/ reclamos@epresanjuan.gob.ar<\/p>\n<p style=\"text-align: center;\"><strong>Recepci\u00f3n de Reclamos y Atenci\u00f3n al Usuario<\/strong><\/p>\n<p style=\"text-align: center;\">Lunes a Viernes de 7:30 a 14:00 hs en Laprida 12 Este &#8211; San Juan &#8211; CP: J5400<\/p>\n<p>[\/vc_column_text][\/vc_column][\/vc_row]<\/p>\n<\/div>","protected":false},"excerpt":{"rendered":"<p>[vc_row][vc_column][vc_column_text css=\u00bb.vc_custom_1572684460498{padding-top: 10px !important;padding-right: 10px !important;padding-bottom: 10px !important;padding-left: 10px !important;background-color: rgba(104,214,25,0.48) !important;*background-color: rgb(104,214,25) !important;border-radius: 5px !important;}\u00bb] Estimado usuario, recuerde que por emergencias o falta de suministro, debe contactarse a la Empresa Distribuidora Energia San Juan&#8230;<\/p>\n","protected":false},"author":1,"featured_media":0,"parent":0,"menu_order":0,"comment_status":"closed","ping_status":"closed","template":"","meta":{"footnotes":""},"class_list":["post-5","page","type-page","status-publish","hentry"],"_links":{"self":[{"href":"https:\/\/epresanjuan.gob.ar\/reclamos\/wp-json\/wp\/v2\/pages\/5","targetHints":{"allow":["GET"]}}],"collection":[{"href":"https:\/\/epresanjuan.gob.ar\/reclamos\/wp-json\/wp\/v2\/pages"}],"about":[{"href":"https:\/\/epresanjuan.gob.ar\/reclamos\/wp-json\/wp\/v2\/types\/page"}],"author":[{"embeddable":true,"href":"https:\/\/epresanjuan.gob.ar\/reclamos\/wp-json\/wp\/v2\/users\/1"}],"replies":[{"embeddable":true,"href":"https:\/\/epresanjuan.gob.ar\/reclamos\/wp-json\/wp\/v2\/comments?post=5"}],"version-history":[{"count":43,"href":"https:\/\/epresanjuan.gob.ar\/reclamos\/wp-json\/wp\/v2\/pages\/5\/revisions"}],"predecessor-version":[{"id":446,"href":"https:\/\/epresanjuan.gob.ar\/reclamos\/wp-json\/wp\/v2\/pages\/5\/revisions\/446"}],"wp:attachment":[{"href":"https:\/\/epresanjuan.gob.ar\/reclamos\/wp-json\/wp\/v2\/media?parent=5"}],"curies":[{"name":"wp","href":"https:\/\/api.w.org\/{rel}","templated":true}]}}